?
False
Does 3 divide 642791?
False
Is 19736257 a multiple of 107?
True
Does 46 divide 332396?
True
Is 116442 a multiple of 18?
True
Is 254 a factor of 1263013?
False
Is 13 a factor of 48688?
False
Is 28298 a multiple of 4?
False
Is 138831 a multiple of 21?
True
Is 25 a factor of 10397?
False
Is 39 a factor of 154050?
True
Is 22 a factor of 100962?
False
Is 42 a factor of 290851?
False
Does 608 divide 899232?
True
Is 283200 a multiple of 192?
True
Is 15 a factor of 1412260?
False
Does 27 divide 1723275?
True
Is 1712648 a multiple of 29?
False
Does 531 divide 139653?
True
Does 5 divide 17508?
False
Is 223621 a multiple of 30?
False
Does 16 divide 11877729?
False
Is 324 a factor of 334859?
False
Is 52 a factor of 866862?
False
Does 50 divide 1176000?
True
Does 444 divide 5656784?
False
Is 873178 a multiple of 54?
False
Does 388 divide 195649?
False
Is 74675 a multiple of 103?
True
Is 8 a factor of 301376?
True
Is 31688642 a multiple of 1189?
False
Is 13 a factor of 21601599?
False
Is 252715 a multiple of 12?
False
Is 39 a factor of 8345610?
True
Is 36018 a multiple of 27?
True
Is 2037 a multiple of 2?
False
Is 11 a factor of 1446291?
True
Is 48 a factor of 14331798?
False
Is 301366 a multiple of 346?
True
Is 87 a factor of 372708?
True
Is 3 a factor of 22326?
True
Does 77 divide 38934?
False
Does 4 divide 224160?
True
Is 7785596 a multiple of 949?
True
Does 9 divide 522387?
True
Is 53199 a multiple of 87?
False
Is 46 a factor of 601081?
False
Is 37 a factor of 290232?
False
Is 1495699 a multiple of 39?
False
Does 74 divide 267626?
False
Does 44 divide 701510?
False
Is 243 a factor of 182736?
True
Is 30 a factor of 1123565?
False
Is 991302 a multiple of 26?
True
Is 106607 a multiple of 176?
False
Is 1100727 a multiple of 10?
False
Is 99 a factor of 54298?
False
Does 178 divide 643470?
True
Does 202 divide 516633?
False
Does 485 divide 12122486?
False
Is 33 a factor of 1127135?
False
Does 139 divide 824901?
False
Does 964 divide 1297544?
True
Does 364 divide 418658?
False
Is 2 a factor of 113839?
False
Does 23 divide 2296172?
False
Is 87 a factor of 202797?
True
Does 114 divide 3113890?
False
Is 53 a factor of 66621?
True
Is 3562567 a multiple of 91?
False
Is 5850169 a multiple of 95?
False
Does 25 divide 1123650?
True
Is 1691205 a multiple of 31?
True
Is 10983632 a multiple of 8?
True
Does 162 divide 3976221?
False
Does 16 divide 1203328?
True
Is 11 a factor of 502320?
False
Does 296 divide 9715608?
True
Does 136 divide 47600?
True
Does 11 divide 128535?
True
Is 22340 a multiple of 4?
True
Is 18632608 a multiple of 92?
False
Does 16 divide 905360?
True
Is 235 a factor of 1784355?
True
Does 124 divide 90566?
False
Is 450232 a multiple of 674?
True
Is 18 a factor of 174114?
True
Is 73 a factor of 2287985?
False
Does 16 divide 939600?
True
Is 50893 a multiple of 36?
False
Does 41 divide 2611181?
False
Is 31 a factor of 166151?
False
Is 7260 a multiple of 2?
True
Does 16 divide 146320?
True
Does 7 divide 62090?
True
Does 317 divide 380083?
True
Is 25 a factor of 2472257?
False
Is 387363 a multiple of 9?
False
Does 25 divide 1618225?
True
Does 102 divide 428059?
False
Is 93 a factor of 33015?
True
Does 17 divide 8109500?
False
Is 151740 a multiple of 45?
True
Is 806 a factor of 2465554?
True
Does 707 divide 3367293?
False
Is 4 a factor of 36884?
True
Is 114141 a multiple of 11?
False
Is 21568296 a multiple of 23?
True
Does 11 divide 4930749?
False
Is 6688556 a multiple of 181?
False
Does 220 divide 3364900?
True
Is 223510 a multiple of 155?
True
Is 385028 a multiple of 398?
False
Is 2061077 a multiple of 17?
False
Is 26746 a multiple of 362?
False
Is 304965 a multiple of 27?
True
Is 13 a factor of 3965351?
True
Is 657297 a multiple of 597?
True
Does 4 divide 745876?
True
Is 1847062 a multiple of 1094?
False
Is 91 a factor of 374101?
True
Does 16 divide 45815?
False
Is 3471370 a multiple of 238?
False
Is 1391688 a multiple of 24?
True
Does 22 divide 594308?
True
Is 7256832 a multiple of 859?
True
Is 9745301 a multiple of 313?
False
Is 26 a factor of 2051894?
True
Does 20 divide 5957691?
False
Is 37958 a multiple of 6?
False
Does 29 divide 59145?
False
Does 41 divide 14572384?
True
Does 5 divide 11442?
False
Is 74281 a multiple of 5?
False
Is 23 a factor of 332127?
False
Is 520 a factor of 5224960?
True
Is 4 a factor of 6613?
False
Does 52 divide 647660?
True
Is 3397464 a multiple of 504?
True
Is 29 a factor of 340547?
True
Does 45 divide 1175781?
False
Is 18879 a multiple of 31?
True
Is 23013 a multiple of 21?
False
Is 369600 a multiple of 150?
True
Is 19893010 a multiple of 10?
True
Is 39 a factor of 27456?
True
Does 187 divide 1618848?
False
Is 85 a factor of 1055569?
False
Does 432 divide 1673306?
False
Does 243 divide 504138?
False
Is 12884 a multiple of 2?
True
Is 1408992 a multiple of 78?
True
Does 146 divide 1350979?
False
Is 87599 a multiple of 24?
False
Does 526 divide 768548?
False
Does 67 divide 8484947?
True
Is 67697 a multiple of 50?
False
Is 1045892 a multiple of 1402?
True
Does 81 divide 533790?
True
Does 15 divide 1502208?
False
Does 52 divide 10366044?
True
Is 87 a factor of 18649190?
False
Is 2316875 a multiple of 28?
False
Is 10872360 a multiple of 45?
True
Is 2 a factor of 5758?
True
Is 2287045 a multiple of 103?
False
Is 1161 a factor of 2810781?
True
Does 8 divide 297952?
True
Does 234 divide 4231122?
False
Does 80 divide 203734?
False
Is 882895 a multiple of 166?
False
Does 264 divide 17742648?
True
Is 2571912 a multiple of 72?
True
Is 470350 a multiple of 50?
True
Does 15 divide 7119703?
False
Is 9889 a multiple of 17?
False
Is 2409167 a multiple of 730?
False
Is 210264 a multiple of 8?
True
Is 355 a factor of 2333690?
False
Does 365 divide 504795?
True
Is 1205800 a multiple of 138?
False
Is 181460 a multiple of 211?
True
Is 25 a factor of 303350?
True
Is 660800 a multiple of 112?
True
Is 356694 a multiple of 17?
True
Is 1069881 a multiple of 503?
True
Is 64 a factor of 6454891?
False
Does 52 divide 26356?
False
Is 8928680 a multiple of 181?
False
Is 81504 a multiple of 48?
True
Is 33060 a multiple of 116?
True
Is 470886 a multiple of 78?
True
Is 1699656 a multiple of 204?
False
Is 74408 a multiple of 4?
True
Is 75 a factor of 2641875?
True
Does 392 divide 1512083?
False
Is 5456464 a multiple of 104?
True
Is 254989 a multiple of 6?
False
Is 4346680 a multiple of 13?
True
Does 167 divide 1132207?
False
Is 305 a factor of 20140?
False
Does 27 divide 4344833?
False
Does 159 divide 1371216?
True
Does 9 divide 5759?
False
Does 16 divide 339954?
False
Does 86 divide 144036?
False
Does 23 divide 48540?
False
Is 35849 a multiple of 8?
False
Does 345 divide 5148267?
False
Does 12 divide 9698684?
False
Is 3 a factor of 69290?
False
Is 75 a factor of 14673030?
False
Is 323377 a multiple of 31?
False
Is 448 a multiple of 16?
True
Is 2 a factor of 1289117?
False
Does 20 divide 8442480?
True
Is 9 a factor of 416196?
True
Is 6304 a multiple of 6?
False
Does 544 divide 14688?
True
Is 6639574 a multiple of 1142?
False
Does 163 divide 3105838?
False
Does 9 divide 503311?
False
Is 17 a factor of 1528103?
False
Does 30 divide 125850?
True
Is 6658382 a multiple of 67?
False
Does 1138 divide 4942334?
True
Does 4 divide 555084?
True
Is 41 a factor of 224475?
True
Is 4390517 a multiple of 181?
True
Is 38174 a multiple of 45?
False
Does 260 divide 1199900?
True
Does 8 divide 61175?
False
Is 11 a factor of 855278?
False
Is 722690 a multiple of 18?
False
Is 818235 a multiple of 95?
True
Does 1302 divide 12173700?
True
Does 12 divide 169783?
False
Is 137 a factor of 218652?
True
Does 16 divide 754272?
True
Is 788304 a multiple of 16?
True
Does 955 divide 2587712?
False
Is 16981203 a multiple of 214?
False
Is 674 a factor of 4094738?
False
Is 1252859 a multiple of 387?
False
Is 8 a factor of 549160?
True
Does 45 divide 2591?
False
Is 180 a factor of 256822?
False
Is 37150 a multiple of 51?
False
Is 37 a factor of 1776165?
False
Is 2 a factor of 33700?
True
Does 22 divide 1224775?
False
Is 24 a factor of 3566321?
False
Is 452314 a multiple of 186?
False
Is 7 a factor of 16597?
True
Is 7437772 a multiple of 301?
False
Is 172051 a multiple of 9?
False
Does 95 divide 1100526?
False
Is 164511 a multiple of 9?
True
Is 199 a factor of 2690622?
False
Does 11 d